-43) + -122 + 82?
83
59 + -51 + -31 + 19
-4
Evaluate 202 + -90 - (109 + -73).
76
Evaluate 70 - 1 - (24 + (-211 - -212)).
44
Evaluate (-3 - -28 - -3) + 193 + -202.
19
Calculate -2 + (1 + -6 - -7) + (66 - (95 + -52)).
23
Calculate -427 - -383 - (-62 + 3).
15
3 - 13 - (-2 + (62 - -1) + (-549 - -553))
-75
What is the value of (41 - 46) + -49 + 40?
-14
Calculate (-1 - -2) + 16 + -5.
12
Calculate -88 - (-63 + 98 + -63).
-60
What is the value of -444 + 437 + 7 + -26?
-26
Calculate -66 - (0 + -15 + -5).
-46
What is 10 + (0 - -8) + -26 + 37 + -20 - -52?
61
Evaluate (2 - 0) + (-63 - (-102 + 51)) + 51.
41
What is 8 - -28 - 6 - (67 + -52)?
15
Calculate (-229 - -241) + -1 + -15.
-4
27 + (-97 - -90 - (-4 - (11 - 7)))
28
-20 - -5 - (-14 - 1 - -48) - -14
-34
What is -16 + -35 + 71 + 48?
68
Evaluate -61 - (-51 - -24) - (-16 + 0 - -6).
-24
12 + 1 - (-2 - (-24 - -1) - -10)
-18
13 - (16 - (5 - -4)) - (2 - -10) - -24
18
-45 + -15 + (-1 - 20)
-81
Evaluate -4239 + 4236 + (-21 - -1) + 0 + -35.
-58
What is the value of 113 + 28 + (-69 - 86)?
-14
(-1 - 0) + 11 - ((-2268 - -2302) + (14 - 2))
-36
(0 + -20 + 72 - 27) + -21
4
What is the value of -21 - ((-14 - -14 - -5) + -6 + -7) - 86?
-99
-22 + (21 + 1 - 42) + 88
46
2068 - 2088 - (0 + -17)
-3
Evaluate -44 + 40 - (23 + (-24 - -9) + -10 + 1).
-3
Calculate -5 + (-5 - -27) + -3 - (-73 + -8).
95
Evaluate (-40 - (16 + -50)) + (33 + -2 - -2).
27
What is -140 + -6 + (-694 - -688)?
-152
Evaluate 29 + (-9 + 26 - 7) + -10 - (-12 - -10).
31
Calculate -22 - (-25 + -73 + 36).
40
What is (-3 - -5) + -6 - ((-41 - -15) + 35)?
-13
Calculate 11 - (-10 - (-23 + (11 - 19) + -2 + 13)).
1
What is the value of -6 - (2 + (-7 - (-9 - (9 - (11 - 5)))))?
-13
Evaluate (-40 - -6) + (2 + -9 - -23).
-18
Evaluate (1 - (1 - 4) - -58) + -35 + 78 + -53.
52
Calculate -3 + (2 - -36) + (1 - -34) + (-61 - -32).
41
2 - (1 - -7) - ((40 - -22) + -40)
-28
Evaluate 20 - (255 + -249 - (-1 - -42)).
55
What is the value of 32 + (-132 + -89 - -116)?
-73
Calculate -62 + (2 - (1 + (0 - -13) + -5)) + 3.
-66
What is the value of 3 - ((-11 - 5) + 23 - (7 + -14))?
-11
What is the value of 18 - (-34 - -21 - 10)?
41
Calculate -7 + (62 - 43) + (6 - 2 - (-16 + 151)).
-119
What is 114 + (1 - 2) - ((-42 - -5) + 71 - 43)?
122
Evaluate 102 - (-130 + 124) - 17.
91
What is ((-25 - 2) + (-42 - -52) - -4) + 9 - 21?
-25
What is -17 - (22 - 3 - 5 - -19)?
-50
Calculate (-5 + -10 + 25 - 19 - -5) + 66 + 0.
62
What is the value of -25 + (-36 - -25 - -22)?
-14
61 - (99 - 0 - 87)
49
Calculate -8 - ((13 - (20 + -13 + 9)) + 11 - 113).
97
What is (-53 - -218) + -269 + (20 - 0)?
-84
What is the value of 1 - -24 - (67 - 67) - (119 - 1)?
-93
Calculate -54 + -1 + (15 - (-13 + 20)) + -10 + 6.
-51
What is -1 + -2 + -79 + -53 + 158?
23
What is the value of -33 + 56 + 1 + -469 + 452?
7
-11 + ((-1 - -2) + 8 - (30 + -31))
-1
Calculate (-123 - 11) + (0 - ((0 - 9) + 20) - -23).
-122
46 + 0 + 4 + -2 - (835 + -837)
50
Evaluate -24 + 10 - 24 - -9.
-29
Calculate -11 - -10 - ((205 - 283) + (0 - 15) + 2).
90
Calculate 1 - -17 - 2 - (-25 - -17) - 5.
19
What is the value of (-41 - (0 - 0)) + (1094 - 1092)?
-39
Calculate -46 + 82 - -26 - 57.
5
Calculate 3829 + -3854 + (4 - -1) + (-3 - 60).
-83
Calculate -20 + 6 + -40 - -107.
53
-23 + 11 + (22 - (33 + 16))
-39
What is the value of -54 - 2 - (136 + -299 + 181)?
-74
Calculate 10 - ((-57 - -1 - (-4 - -5)) + -349 + 360).
56
What is -3 + -1 - -3 - -6 - (-114 - -116)?
3
What is -108 + 1 + (2381 - 2314)?
-40
Calculate 12 - (83 + 19 + -42 + -9 + -2).
-37
Evaluate (489 - 508) + (-23 - 2) - 18.
-62
Calculate 6 + ((6 - (16 - 1)) + 6 - (-50 - -1)).
52
Evaluate (-321 - -320) + (1 - 0 - (2 + (-2 - -140))).
-140
-1064 - -1163 - (-6 - -5 - 5)
105
What is -3 + 5 + 8 + (-20 - (-12 - (-1 + -25)))?
-24
Evaluate (35 - 20 - 14) + 10 + -21 + (-1 - 28).
-39
What is the value of 29 - ((116 - 43) + 13 + 23)?
-80
What is (52 - -5) + -54 - -27?
30
Evaluate (-24 - 2) + (23 - (9 + -8)) + -1 + -14.
-19
What is -51 - (16 + (22 - -8) + -50)?
-47
9 + 47 - (87 - 32)
1
What is the value of -8 + 18 + 6 + -64 - -16?
-32
Evaluate 52 + -14 + -115 + 110.
33
-3 + -3 - ((103 - 87 - 22) + (103 - 2))
-101
What is the value of 112 + -1 - (1190 + -1122)?
43
Evaluate 20 + -14 + (-2 + -9 - -38).
33
-31 + -6 + (-80 - -79 - (-15 - 0))
-23
Evaluate -28 - (23 + -20 - 16) - -1 - (-49 + 2).
33
-58 - 36 - (2 - 40)
-56
What is the value of -110 + (7 - -54) + 76?
27
What is the value of (14 - (-27 + 90)) + 85?
36
Evaluate -4 + -6 + 24 + -54 + 159 + -46.
73
What is the value of 13 - (-14 - (-12 + 4) - 1)?
20
What is the value of (33 - 86 - -10) + 1 + 5?
-37
Evaluate (-4 - (-6 - -6) - (-23 - 0)) + 4.
23
What is 635 + -613 + (8 + -1 - 2)?
27
(1 + 29 - (-234 + 273 + -23 + 0)) + 86
100
What is 175 - (-121 + 174) - 143?
-21
Evaluate -341 + 346 - (-13 + 0 + 6 + -10).
22
Calculate (-22 + -1 - (-625 - -480)) + 1 + -15.
108
Calculate -2 + 24 + 26 - 32.
16
Calculate (-83 - (-45 + -5)) + 1 + 13 - 5.
-24
Calculate -8 - ((-18 - -30) + 9) - 18.
-47
Evaluate -35 - (0 + 6 + (-27 - -30) + -13).
-31
What is the value of 2291 + -2256 + (3 - 27)?
11
What is the value of 49 - (24 + 45 + -49 - (9 - 1))?
37
What is the value of (-1102 - -1101) + (-3 - (3 - 7 - 35))?
35
146 + (-17 + -2 - (-2 - 40 - (-122 - -89)))
136
What is the value of -7 + -5 + 2 + (-16 + 11 - (-30 + 26))?
-11
What is (-21 + 1 + (144 - 29) - 16) + -1?
78
Evaluate 6 + -1 + 4 - (-7 + 3 + (-11 - -7)).
17
Evaluate -17 + 35 - 16 - 6 - (-6 - (-4 + 2)).
0
Calculate 13 + 2 + -28 - ((-3 - -9) + 17).
-36
What is 32 + (27 - 25) + (23 - 26) + 13 + -3?
41
Evaluate 108 - (-20 + (135 - 84)).
77
(8 - (6 + 2) - -5) + (-12 + 9 - -16)
18
What is the value of 7 - 40 - ((-6 - -19) + -5 + -11)?
-30
What is (30 - (67 + -31)) + -4 + (-2 - -90)?
78
Calculate 6 + -2 + (-20 + 5 + -9 - -14).
-6
Evaluate -2 + (-2 - -2) - 47 - (50 + -59).
-40
What is the value of 0 + -37 - (-14 + (17 + 1 - (147 - 134)))?
-28
What is (-14 - (-3 - 0)) + (-1 - 1 - 4)?
-17
Calculate (71 - (67 + -78)) + (2 - 26).
58
What is 9 + (12 + -16 - ((-1 - -5) + 14 + -36))?
23
1 - (6 - -10 - 8) - -13
6
What is the value of -103 - (-272 - (-68 - 79))?
22
0 + -47 + 65 + -3
15
Evaluate (-8 - 1) + -60 + 63 + (-14 - -12) + 49.
41
-22 + -40 + 78 + 11 - -104
131
Calculate (56 - (67 + -40)) + 22.
51
Evaluate -32 + 13 + (10 - (-29 + -22)).
42
-14 - (296 - 310 - (2 + -34))
-32
Calculate -74 + (115 - -14) + -136.
-81
What is the value of (-24 - -3 - -11 - (-11 - 0)) + 43?
44
203 + -201 - (-3 + 2 + -5) - (265 - 233)
-24
What is 32 + (-15 - 7) + 29?
39
Calculate (4 - (-4 - -5)) + -57 - (0 + 2 - -2).
-58
-5 + -12 - (-272 - -298)
-43
(-1 + 14 - (-221 + 229)) + 79 + -2
82
Calculate (-54 - 1) + -1 + 30 + -84 + (1 - -49).
-60
-46 + (-34 - 29 - -79)
-30
Evaluate -41 - (10 - -9 - 29).
-31
Evaluate (29 - 36) + -6 + 150 + (-8 - 6).
123
What is 66 - ((24 - 94) + 105)?
31
What is (22 - 63) + 55 + -102?
-88
What is the value of 17 + 2 + (-11 + 10 - (5 - 3))?
16
Evaluate -105 - (-13 - (-46 - -110)).
-28
Calculate -81 - (-7 + 7 + (3 - 1) + 33 + -21).
-95
7 + -2 + -12 - -8 - -19
20
What is 4 + 43 + -16 + -60?
-29
Evaluate -134 + 126 + -21 + -92.
-121
Evaluate 19 + 4 + 9 + -3 + -15 + 11 + -10.
15
Evaluate 1 - (-3 - -13) - ((113 - 79) + -74).
31
(-3 - -4) + -34 + (50 - (30 - -18))
-31
Calculate (-44 + 16 - -6) + (3 - -10) + 11.
2
-67 - (-10 - -8 - (38 + -18))
-45
Calculate 232 + -180 + -4 + -31.
17
295 + -341 + (-4 - (-4 + (-1 - -1) + 1))
-47
0 + (-5 - 1) - ((-18 - 59) + 47 + -14)
38
Evaluate 68 - (-8 + 17) - (41 + -2 - 44).
64
Evaluate -3 + 7 + 7 + -32 - -12.
-9
Evaluate -6 + (80 - (0 + -4 + 4)) - (25 + -21).
70
Calculate (0 - -12) + -2 + (29 + -43 - -9) - 69.
-64
What is the value of 31 - (-8 + 5 + 19 - (7 + -5))?
17
What is the value of 18 - 16 - (-2 - -9 - (23 - 37 - -11))?
-8
Calculate -6 - (-71 + 177 + -138).
26
-78 - (-29 - (36 - 68) - (-2 - 0))
-83
What is -52 + -5 + 14 + 21 + 20 + 30?
28
Evaluate 6 - (3 - (-2 + 21 + -1 + (189 - 198))).
12
-23 + ((46 - 27 - -10) + -17 - (14 + -1))
-24
Calculate -120 - (-103 + 60) - -198.
121
8 - (-1 - 0) - (1 - (27 - -2) - 16)
53
What is -56 + (7 - 8) - (-190 + 169)?
-36
Calculate -6 - 2 - (-4 - -1 - (-3 - (25 - 24))).
-9
What is 1 - (-15 - -29 - 50)?
37
What is the value of 17 + -7 + (-5 - (-5 + (-4 - 0)))?
14
Calculate -20